culate the remainder when 1677619 is divided by 98662.
365
Calculate the remainder when 1952188 is divided by 150168.
4
What is the remainder when 49723 is divided by 2761?
25
What is the remainder when 2135689 is divided by 53392?
9
What is the remainder when 9711758 is divided by 2709?
2702
What is the remainder when 66708 is divided by 652?
204
Calculate the remainder when 7054620 is divided by 604.
504
What is the remainder when 7467281 is divided by 7467269?
12
Calculate the remainder when 3968920 is divided by 14328.
64
Calculate the remainder when 60649829 is divided by 1086.
1073
Calculate the remainder when 1344929 is divided by 3699.
2192
Calculate the remainder when 328253 is divided by 533.
458
What is the remainder when 2122249 is divided by 2604?
2593
Calculate the remainder when 732796895 is divided by 977.
976
Calculate the remainder when 12315028 is divided by 38127.
7
Calculate the remainder when 624208 is divided by 49.
46
What is the remainder when 42005949 is divided by 36?
33
Calculate the remainder when 242936 is divided by 48269.
1591
What is the remainder when 7110638 is divided by 888827?
22
Calculate the remainder when 614817 is divided by 4732.
4389
What is the remainder when 26595 is divided by 226?
153
What is the remainder when 10463738 is divided by 620?
618
Calculate the remainder when 79262 is divided by 4222.
3266
What is the remainder when 8541 is divided by 380?
181
Calculate the remainder when 793811 is divided by 113138.
1845
What is the remainder when 21015208 is divided by 885?
883
Calculate the remainder when 2484747 is divided by 79.
39
What is the remainder when 129932314 is divided by 122?
118
Calculate the remainder when 13202556 is divided by 448.
444
Calculate the remainder when 50682434 is divided by 264.
242
What is the remainder when 587352 is divided by 180?
12
Calculate the remainder when 566721 is divided by 629.
621
Calculate the remainder when 88480 is divided by 8575.
2730
What is the remainder when 1346241 is divided by 4371?
4344
What is the remainder when 850953 is divided by 283639?
36
What is the remainder when 63463 is divided by 8819?
1730
Calculate the remainder when 28910521 is divided by 2065036.
17
What is the remainder when 13093724 is divided by 6546857?
10
What is the remainder when 14523871 is divided by 22?
21
What is the remainder when 1137915 is divided by 6938?
83
Calculate the remainder when 14419966 is divided by 509.
505
Calculate the remainder when 29841 is divided by 1060.
161
What is the remainder when 8369979 is divided by 309999?
6
Calculate the remainder when 5258035 is divided by 117.
55
What is the remainder when 425892 is divided by 3736?
3724
Calculate the remainder when 8214942 is divided by 173.
37
What is the remainder when 24724557 is divided by 420?
417
What is the remainder when 633429 is divided by 2070?
9
What is the remainder when 5871152 is divided by 46?
34
Calculate the remainder when 47069 is divided by 903.
113
What is the remainder when 179755 is divided by 856?
851
What is the remainder when 5311624 is divided by 118020?
724
Calculate the remainder when 3336017 is divided by 41700.
17
What is the remainder when 3395857 is divided by 210?
157
What is the remainder when 1609877 is divided by 11?
5
What is the remainder when 2044414 is divided by 128?
126
What is the remainder when 3319203 is divided by 65082?
21
What is the remainder when 917947 is divided by 3438?
1
Calculate the remainder when 508249 is divided by 253972.
305
Calculate the remainder when 3720577 is divided by 620093.
19
Calculate the remainder when 636721 is divided by 786.
61
Calculate the remainder when 336903 is divided by 360.
303
What is the remainder when 6847 is divided by 1682?
119
Calculate the remainder when 41367 is divided by 41357.
10
What is the remainder when 1679199 is divided by 186?
177
Calculate the remainder when 38071125 is divided by 34.
33
Calculate the remainder when 7461362 is divided by 3730680.
2
What is the remainder when 22592 is divided by 2590?
1872
What is the remainder when 11839116 is divided by 3137?
78
Calculate the remainder when 4249653 is divided by 7403.
331
Calculate the remainder when 71148 is divided by 275.
198
What is the remainder when 6347306 is divided by 19?
14
What is the remainder when 289830 is divided by 912?
726
Calculate the remainder when 108085 is divided by 18002.
73
Calculate the remainder when 124732 is divided by 779.
92
What is the remainder when 463246 is divided by 125?
121
Calculate the remainder when 560427 is divided by 14748.
3
What is the remainder when 367475 is divided by 502?
11
Calculate the remainder when 42492375 is divided by 503.
444
Calculate the remainder when 1719718 is divided by 743.
416
What is the remainder when 11951734 is divided by 268?
6
Calculate the remainder when 85760065 is divided by 330.
325
What is the remainder when 1806274 is divided by 2741?
2696
What is the remainder when 285240 is divided by 297?
120
Calculate the remainder when 62133 is divided by 1686.
1437
What is the remainder when 394874 is divided by 163?
88
What is the remainder when 3392112 is divided by 14?
10
What is the remainder when 277846 is divided by 13876?
326
Calculate the remainder when 169598050 is divided by 156.
154
What is the remainder when 4133931 is divided by 42?
39
Calculate the remainder when 3820668 is divided by 29.
5
What is the remainder when 93206 is divided by 5468?
250
What is the remainder when 117706268 is divided by 39235422?
2
What is the remainder when 298140 is divided by 29812?
20
What is the remainder when 942084238 is divided by 340?
338
Calculate the remainder when 323157 is divided by 1482.
81
Calculate the remainder when 7345805 is divided by 342.
329
What is the remainder when 783547 is divided by 2979?
70
What is the remainder when 1365483 is divided by 34137?
3
What is the remainder when 8837836 is divided by 415?
411
What is the remainder when 791928 is divided by 5437?
3563
Calculate the remainder when 21656 is divided by 786.
434
What is the remainder when 7546515 is divided by 7546461?
54
Calculate the remainder when 1626302 is divided by 453.
32
What is the remainder when 874606 is divided by 34?
24
Calculate the remainder when 6189992 is divided by 31743.
107
Calculate the remainder when 1103951 is divided by 5474.
3677
What is the remainder when 5282 is divided by 1476?
854
What is the remainder when 3711916 is divided by 655?
31
What is the remainder when 921155271 is divided by 460577631?
9
What is the remainder when 1583945 is divided by 13?
12
What is the remainder when 1225247 is divided by 408350?
197
Calculate the remainder when 220538929 is divided by 113.
106
What is the remainder when 7241210 is divided by 997?
996
What is the remainder when 276018032 is divided by 51?
14
Calculate the remainder when 146074 is divided by 308.
82
What is the remainder when 130843 is divided by 65361?
121
Calculate the remainder when 3154951 is divided by 5130.
1
Calculate the remainder when 17199830 is divided by 316.
266
What is the remainder when 7458377 is divided by 2486120?
17
Calculate the remainder when 180742 is divided by 273.
16
What is the remainder when 54624296 is divided by 2314?
12
What is the remainder when 1767918 is divided by 2156?
2154
What is the remainder when 176672 is divided by 88317?
38
What is the remainder when 1757770 is divided by 203?
196
Calculate the remainder when 318147 is divided by 4413.
411
Calculate the remainder when 676878 is divided by 5555.
4723
What is the remainder when 3030942 is divided by 24843?
96
What is the remainder when 333524 is divided by 924?
884
Calculate the remainder when 6076553 is divided by 2033.
1949
What is the remainder when 26819288 is divided by 91?
41
Calculate the remainder when 654463 is divided by 3995.
3278
Calculate the remainder when 4032064 is divided by 292.
128
Calculate the remainder when 2140350 is divided by 37550.
0
Calculate the remainder when 18300845 is divided by 6826.
339
What is the remainder when 165826 is divided by 3383?
59
What is the remainder when 878891 is divided by 39947?
57
What is the remainder when 196045 is divided by 1203?
1159
Calculate the remainder when 108480 is divide